 by a?
108
What is the remainder when (166350/60)/(15/18) - 0 is divided by 50?
27
Suppose 23 - 17 = 3*l. Suppose 53 - 61 = -l*b. Suppose 5*j + 25 = 0, -b*j - 45 = -2*y - 3*j. What is the remainder when 138 is divided by y?
18
Let d(r) = r**2 - 2*r - 9. Let t be d(8). Suppose -40*x = -t*x - 9. What is the remainder when 40 is divided by x?
4
Suppose 13*u - 12*u = 3. Let q be (-3)/(-12) - u/(-12)*23. Suppose -k = 4*y - q*k - 107, -y - k = -29. Calculate the remainder when y is divided by 5.
3
Suppose 71*k = 448 + 2676. Let b = 435 + -428. What is the remainder when k is divided by b?
2
Let m = 406 - 520. Let g = m + 126. Suppose 5*a + 5*h = -0 + 5, 0 = 4*a - h - 24. Calculate the remainder when g is divided by a.
2
Let l = -5812 - -5939. What is the remainder when l is divided by 76?
51
Calculate the remainder when 1638 is divided by 3 + ((-3)/(-2) - 85/10 - -331).
3
Let f(s) = -19*s**2 + s + 1. Let r be f(6). Let k = 2 + 11. Calculate the remainder when r/(-9) - 20/90 is divided by k.
10
Suppose -2*n - 48 = -7*n + 2*j, 4*n = 3*j + 44. Calculate the remainder when 2733 is divided by n.
5
Let a = 116 - 86. Suppose 0 = 4*y - j - a + 10, -2*j + 25 = 5*y. Suppose y*l - 193 - 62 = 0. Calculate the remainder when l is divided by 14.
9
Suppose -3*a + 4*n = -55215, 206 - 194 = -2*n. What is the remainder when a is divided by 25?
22
Let k be 0 - -1 - 0 - 46. Suppose 9*a = -1306 + 829. Let x = k - a. What is the remainder when x is divided by 3?
2
Suppose -3*h + 2*j + 2380 = 0, 10*h + 5*j = 14*h - 3178. What is the remainder when 107 is divided by (2 - (-72)/(-38)) + h/57?
9
Let y(u) = -u**3 - 11*u**2 + 44*u + 554. Calculate the remainder when 1213 is divided by y(-10).
9
Suppose -14*h + 1143 + 439 = 0. What is the remainder when h is divided by 60?
53
Suppose 2*s + 4508 = m, -64*m = -60*m + s - 18041. What is the remainder when m is divided by 8?
6
Calculate the remainder when 1831 + (16/(-6) - -2 - 224/(-84)) is divided by 14.
13
Let m(l) = -129*l + 1. Let n = -27328 - -27341. Calculate the remainder when m(-3) is divided by n.
11
Let m be (-2)/8 + (-187)/68. What is the remainder when (-10)/(10/m) + 141 is divided by 30?
24
Suppose -15*t - 869 = -5*t - 3649. What is the remainder when t is divided by 123?
32
Suppose 49*n + 75117 = 271*n - 2139. What is the remainder when n is divided by 8?
4
Let s be ((234/(-24))/13)/(2/(-24)). Suppose 8*x = s*x. Suppose x = -0*r + 3*r + 5*q - 379, -10 = -2*q. What is the remainder when r is divided by 30?
28
Let w(f) be the third derivative of f**5/60 - 23*f**4/24 + 107*f**3/6 + 156*f**2. What is the remainder when 3/((-3)/(-2))*41 is divided by w(5)?
14
Suppose 9*x + 4*s = 20818, 2*s - 5*s - 6 = 0. What is the remainder when x is divided by 80?
74
Suppose -3*t + 22*t = -8*t + 8235. What is the remainder when t is divided by 57?
20
Suppose 2*r = -2*r + n + 384, 384 = 4*r - 2*n. Let y(v) = -2*v**3 - 12*v**2 - v + 11. Calculate the remainder when r is divided by y(-6).
11
What is the remainder when 2921 is divided by -147 + 163 - (2 - -2)?
5
Let u = 240 + -149. Suppose -o + 5*i - 5 + 86 = 0, -5*o = 4*i - 57. What is the remainder when u is divided by o?
7
Let i(l) = -15*l**2 + 5*l**2 + 4*l**2 + 9*l - 16 + 8*l**2. What is the remainder when i(-8) is divided by 33?
7
Suppose 3*w = 2*s - 696, -12*s - 79*w = -81*w - 4048. Let y = -43 + 128. Calculate the remainder when s is divided by y.
81
Let i = -244 - -683. Let c(g) = -g**2 - 7*g + 57. Calculate the remainder when i is divided by c(-6).
61
Suppose 1904 = -81*k + 6359. Calculate the remainder when 984 is divided by k.
49
Let x = 4862 - 4850. What is the remainder when 2867 is divided by x?
11
Let j(v) = -40*v + 524. What is the remainder when 130 is divided by j(12)?
42
Suppose -2*i = -4, z - 4*i = 5*z - 28. Calculate the remainder when 61 is divided by z.
1
Suppose -444*q + 198*q = -3198. Let l be 60/(-2) + 0/1. Let p = l - -53. What is the remainder when p is divided by q?
10
Let m(n) be the first derivative of -n**3/3 + 3*n**2/2 + 9*n + 2. Suppose 22*c = 23*c. What is the remainder when 24 is divided by m(c)?
6
Suppose -4*p = -24, 2*y - 88*p + 89*p = 606. Calculate the remainder when y is divided by 65.
40
Suppose -2*g - 10*g - 58*g = -61600. Calculate the remainder when g is divided by 290.
10
Let n(c) be the first derivative of -c**4/4 + 2*c**3 + 5*c**2/2 + 9*c - 151. Suppose -2*x = -0*x - 22. What is the remainder when n(6) is divided by x?
6
Let l(f) = 2*f**2 + 6*f - 14 + 15*f**2 - 6*f**2. What is the remainder when l(2) is divided by 24?
18
Let x be (-15 + 2)*(18 - 19). Let b(q) = -10*q + 136. Let a(v) = v**2 - 6*v + 3. Calculate the remainder when b(x) is divided by a(6).
0
Let c = -9 + 26. Calculate the remainder when (1 - -1)*(-21)/42*-63 is divided by c.
12
Let j(p) = -p**3 + 8*p**2 - 6*p + 7. Calculate the remainder when j(6) is divided by (1404/297)/((-4)/(-22)).
17
Let x be (1 + -194)*(3 + -5). Suppose -7*s = -3*s + 2*c - x, 5*c - 389 = -4*s. Suppose 18*o = 2*o + s. Calculate the remainder when 21 is divided by o.
3
Suppose -4*r = 5*i - 93, i = 3*i - 10. Let k(a) = -12 - 55*a + 8 + r*a. Calculate the remainder when k(-3) is divided by 29.
23
Let f(m) = 29 - 363 + 0*m - 4*m - 3*m. Calculate the remainder when 143 is divided by f(-51).
5
Let d(r) = -r**3 - 4*r**2 + 47*r - 13. What is the remainder when 212 is divided by d(-10)?
95
Suppose -513*j - 2632 = -521*j. Let h be 1/(-2) + (-51)/(-6). Suppose 0 = 2*b + h, j = -n + 6*n - b. Calculate the remainder when n is divided by 19.
8
Let w(n) = n**2 - 19*n - 52. Let z(c) = -3*c**3 - c**2 + 2*c + 7. Let r be z(-2). What is the remainder when 46 is divided by w(r)?
6
Let r(g) = g**2 - 5*g - 9. Suppose -5*h = -2*s + 31, h + 131 = 4*s + 42. Calculate the remainder when r(-6) is divided by s.
11
Let t be ((-3)/6 - 0)*2. Calculate the remainder when (-70)/t + 4/(-4) is divided by (486/459)/((-24)/(-544)).
21
Suppose 8*p - 9*p + 720 = -l, 4*p - 3*l - 2878 = 0. Calculate the remainder when p is divided by 18.
16
Suppose 20 = 11*o - 6*o. Suppose o*p - 55 = -5*s, 8*p = 10*p - 10. What is the remainder when s is divided by 3?
1
Suppose -53573 = -102*a - 215*a. Calculate the remainder when 1213 is divided by a.
30
Let b(q) = 8*q + 6. What is the remainder when b(5) is divided by (-180)/(-21) + -2*(-2)/(-7)?
6
Let s(x) = -247*x + 1781. What is the remainder when 617 is divided by s(6)?
19
Let b = -19 + 21. Suppose v = -b*r + 582, -4*v = -7*v + 12. Calculate the remainder when r is divided by 73.
70
Let j(p) = -p**3 - 40*p**2 - 16*p - 265. What is the remainder when 2636 is divided by j(-40)?
11
Suppose -3*a + 373 = -4*r, -385 = -10*a + 7*a - 2*r. What is the remainder when 1356 is divided by a?
86
Let m be 2 - 3 - (95 - 0). Let s(o) = o**3 - 42*o**2 + 40*o - 10. Let i be s(41). Let d = i - m. What is the remainder when d is divided by 6?
3
Let v be (-9)/3 + (-90 - 2) + 1. Let g = v + -127. Let q = -147 - g. Calculate the remainder when q is divided by 39.
35
What is the remainder when 574 is divided by (21/(-3) + 4)*(-382)/6?
1
Suppose -17*n + 20*n - 2*c = 189, -2*c - 67 = -n. What is the remainder when 531 is divided by n?
43
Let q be (-2)/2*(14 - 14). Suppose 3*y + 2*y = 3*z - 69, -4*z - 4*y + 124 = q. Calculate the remainder when 0 + (3 - (-140 - (-1 + -3))) is divided by z.
27
Let w(d) = d**3 + 37*d**2 + 268*d - 14. Calculate the remainder when 345 is divided by w(-27).
25
Let q = -28142 + 34051. Calculate the remainder when q is divided by 328.
5
Let i be (-15)/12*-3 + 3/12. Suppose 4*m = 3*m, -4*s + 204 = -4*m. Calculate the remainder when s is divided by (3 + (-1)/(-4))*i.
12
Suppose -5*c + 4*c = -75. Let w be -6 + c - -1*3. Let h = 103 - w. What is the remainder when h is divided by 16?
15
Let z = -354 + 516. What is the remainder when z is divided by 160?
2
Let g(m) = 16*m**3 + 4*m**2 + 2*m + 3. Let y(h) = -17*h**3 - 5*h**2 - 3*h - 3. Let k(p) = 6*g(p) + 5*y(p). What is the remainder when k(2) is divided by 46?
35
Let z = -290 + 344. Let m = 81 + z. Calculate the remainder when m is divided by 23.
20
Let s be ((-2)/4)/(4/(-328)). Suppose -2*t = -2*v + 192, v - 55 - s = 3*t. Suppose -5*w + v = -284. What is the remainder when w is divided by 20?
16
Let b(f) = 2161*f**2 - 2159*f**2 + 5*f + 9*f - 21. What is the 